371
What are the prime factors of 578458739?
578458739
List the prime factors of 70208885.
5, 3583, 3919
What are the prime factors of 110787542?
2, 55393771
What are the prime factors of 7494064883?
47, 159448189
List the prime factors of 28782638.
2, 14391319
List the prime factors of 1060735839.
3, 181, 1953473
What are the prime factors of 953609083?
7, 139, 980071
List the prime factors of 82262528.
2, 160669
List the prime factors of 3453365950.
2, 5, 191, 431, 839
What are the prime factors of 36950823?
3, 7, 13, 557
List the prime factors of 35354080.
2, 5, 79, 2797
List the prime factors of 751717137.
3, 809, 309731
What are the prime factors of 484121733?
3, 17, 23, 103, 4007
What are the prime factors of 34432914?
2, 3, 61, 94079
What are the prime factors of 104045187?
3, 109, 318181
List the prime factors of 322633610.
2, 5, 13, 2481797
List the prime factors of 211178216.
2, 17, 1552781
List the prime factors of 35170020.
2, 3, 5, 195389
List the prime factors of 628447538.
2, 23, 67, 203909
What are the prime factors of 5619988014?
2, 3, 157, 5966017
List the prime factors of 107176493.
1871, 57283
What are the prime factors of 785559596?
2, 17, 11552347
List the prime factors of 16311772.
2, 17, 239879
What are the prime factors of 51091045?
5, 229, 44621
List the prime factors of 91671496.
2, 7, 37, 151, 293
List the prime factors of 75775385.
5, 7, 137, 15803
What are the prime factors of 94694687?
163, 569, 1021
What are the prime factors of 4018458429?
3, 446495381
List the prime factors of 426258926.
2, 213129463
List the prime factors of 107212288.
2, 19, 103, 107
What are the prime factors of 329893465?
5, 11, 53, 113171
What are the prime factors of 109583972?
2, 17, 1611529
What are the prime factors of 65890765?
5, 19, 389, 1783
What are the prime factors of 7019749115?
5, 601, 2336023
List the prime factors of 46637960.
2, 5, 1165949
List the prime factors of 135573730.
2, 5, 23, 589451
What are the prime factors of 33396749?
33396749
List the prime factors of 271265861.
10343, 26227
What are the prime factors of 1643634613?
17, 5687317
What are the prime factors of 455167041?
3, 7, 229, 94649
What are the prime factors of 278716754?
2, 2887, 48271
What are the prime factors of 74594323?
19, 3926017
List the prime factors of 255187724.
2, 11, 67, 107, 809
List the prime factors of 710895991.
13, 54684307
What are the prime factors of 1504720698?
2, 3, 13, 47, 410453
List the prime factors of 129231448.
2, 433, 37307
List the prime factors of 6546210035.
5, 137, 9556511
List the prime factors of 6525222095.
5, 7, 186434917
What are the prime factors of 1956407351?
23203, 84317
List the prime factors of 45278406.
2, 3, 19, 44131
List the prime factors of 19227676.
2, 13, 137, 2699
List the prime factors of 54929570.
2, 5, 19, 289103
What are the prime factors of 113848545?
3, 5, 7589903
List the prime factors of 4668192954.
2, 3, 19, 13649687
What are the prime factors of 491865234?
2, 3, 7, 1673011
What are the prime factors of 5855105746?
2, 7, 47, 67, 18973
What are the prime factors of 21357150?
2, 3, 5, 142381
What are the prime factors of 110584529?
11, 23, 437093
What are the prime factors of 1235755472?
2, 7, 59, 187009
List the prime factors of 1178089093.
1178089093
What are the prime factors of 1158179619?
3, 71, 5437463
What are the prime factors of 4562943010?
2, 5, 31, 14719171
What are the prime factors of 444659645?
5, 88931929
What are the prime factors of 179626490?
2, 5, 37, 13121
What are the prime factors of 46122738?
2, 3, 7687123
List the prime factors of 260551915.
5, 13, 691, 5801
What are the prime factors of 361737027?
3, 43, 934721
What are the prime factors of 59453695?
5, 7, 131, 12967
List the prime factors of 258224663.
277, 932219
List the prime factors of 49503686.
2, 24751843
What are the prime factors of 586632100?
2, 5, 41, 199, 719
What are the prime factors of 1423673431?
1289, 1104479
What are the prime factors of 663268535?
5, 132653707
What are the prime factors of 124967027?
23, 449, 12101
List the prime factors of 576639600.
2, 3, 5, 480533
What are the prime factors of 7083139206?
2, 3, 11, 13, 8255407
List the prime factors of 8778075292.
2, 7, 313502689
List the prime factors of 556245505.
5, 157, 708593
What are the prime factors of 110853073?
17, 37, 176237
List the prime factors of 287738478.
2, 3, 199, 80329
What are the prime factors of 150717448?
2, 7, 233, 11551
What are the prime factors of 389212403?
97, 4012499
What are the prime factors of 1358311016?
2, 17, 191, 52291
List the prime factors of 6736985.
5, 1347397
What are the prime factors of 75217592?
2, 9402199
List the prime factors of 671270290.
2, 5, 67127029
What are the prime factors of 127059037?
7, 17, 59, 18097
What are the prime factors of 8179128?
2, 3, 47, 2417
List the prime factors of 115702226.
2, 73, 792481
What are the prime factors of 4080041728?
2, 7, 2276809
What are the prime factors of 6790901362?
2, 7, 17, 3847, 7417
What are the prime factors of 39042996?
2, 3, 523, 6221
What are the prime factors of 256337705?
5, 13, 787, 5011
What are the prime factors of 488539113?
3, 23, 7080277
List the prime factors of 48955406.
2, 73, 547, 613
List the prime factors of 346951852.
2, 13, 167, 39953
What are the prime factors of 322048835?
5, 64409767
What are the prime factors of 59541949?
53, 71, 15823
What are the prime factors of 622238376?
2, 3, 101, 256699
List the prime factors of 109869733.
1061, 103553
List the prime factors of 2398900808.
2, 6781, 44221
What are the prime factors of 58377363?
3, 11, 227, 7793
What are the prime factors of 212518053?
3, 11, 715549
List the prime factors of 1729581582.
2, 3, 229, 331, 3803
What are the prime factors of 1217507416?
2, 1423, 106949
List the prime factors of 107051509.
167, 269, 2383
What are the prime factors of 713991206?
2, 127, 2810989
List the prime factors of 40625438.
2, 7, 31, 93607
List the prime factors of 3498080.
2, 5, 21863
List the prime factors of 210289874.
2, 23, 4571519
List the prime factors of 88829252.
2, 1861, 11933
What are the prime factors of 2047752615?
3, 5, 61, 401, 5581
What are the prime factors of 66006548?
2, 43, 383759
List the prime factors of 2637696536.
2, 329712067
List the prime factors of 10751138.
2, 937, 5737
List the prime factors of 98072052.
2, 3, 13, 37, 1307
What are the prime factors of 87959217?
3, 29319739
What are the prime factors of 80166478?
2, 7, 1123, 5099
List the prime factors of 1071961477.
47, 167, 136573
List the prime factors of 22992660.
2, 3, 5, 19, 83
What are the prime factors of 769843319?
7, 43, 491, 5209
What are the prime factors of 806984920?
2, 5, 7, 411727
List the prime factors of 430514797.
430514797
What are the prime factors of 139564679?
17, 157, 52291
What are the prime factors of 206651958?
2, 3, 34441993
List the prime factors of 548494304.
2, 2843, 6029
List the prime factors of 10873423.
11, 73, 1231
What are the prime factors of 40478985?
3, 5, 47, 19139
List the prime factors of 99616310.
2, 5, 9961631
List the prime factors of 1503608100.
2, 3, 5, 5012027
What are the prime factors of 110956752?
2, 3, 770533
What are the prime factors of 2624686838?
2, 1301, 1008719
What are the prime factors of 102109030?
2, 5, 107, 95429
List the prime factors of 76925456.
2, 4807841
List the prime factors of 35257216.
2, 275447
What are the prime factors of 3059181138?
2, 3, 13, 109, 349, 1031
What are the prime factors of 105392966?
2, 7, 1367, 5507
List the prime factors of 115156233.
3, 12795137
List the prime factors of 899130104.
2, 151, 744313
List the prime factors of 34726719.
3, 347, 33359
List the prime factors of 2387851422.
2, 3, 11, 59, 613213
What are the prime factors of 34074553?
34074553
What are the prime factors of 449596042?
2, 7, 17, 23, 3571
What are the prime factors of 1030881198?
2, 3, 37, 569, 8161
What are the prime factors of 11708546?
2, 17, 47, 431
List the prime factors of 155730352.
2, 1163, 8369
List the prime factors of 687891395.
5, 31, 4438009
List the prime factors of 4258757468.
2, 7, 7187, 21163
What are the prime factors of 651773397?
3, 11, 19, 71
List the prime factors of 114304571.
114304571
What are the prime factors of 81945